{"id":175,"date":"2025-01-07T13:00:50","date_gmt":"2025-01-07T13:00:50","guid":{"rendered":"https:\/\/retro-shop.online\/?post_type=product&#038;p=175"},"modified":"2025-01-07T13:01:15","modified_gmt":"2025-01-07T13:01:15","slug":"unnuetzes-wissen-die-90er-ebook","status":"publish","type":"product","link":"https:\/\/retro-shop.online\/?product=unnuetzes-wissen-die-90er-ebook","title":{"rendered":"Unn\u00fctzes Wissen: Die 90er [eBook]"},"content":{"rendered":"<p><strong>&#8222;Unn\u00fctzes Wissen: Die 90er&#8220; \u2013 Ein R\u00fcckblick mit Wow-Effekt!<\/strong><br \/>\nDas perfekte Buch f\u00fcr alle 90er-Fans und Wissensjunkies. In diesem unterhaltsamen E-Book von NEON erf\u00e4hrst du alles, was du schon immer nicht wissen wolltest \u2013 und doch unglaublich spannend findest. Tauche ein in das Jahrzehnt der Tamagotchis, Game Boys und Buffalos!<\/p>\n<p><strong>Highlights:<\/strong><\/p>\n<ul>\n<li>\ud83d\udcda <strong>Fakten, die keiner braucht \u2013 aber jeder liebt<\/strong>: Witzige und kuriose Anekdoten aus den 90ern.<\/li>\n<li>\ud83c\udfa4 <strong>Popkultur pur<\/strong>: Von ikonischer Musik bis zu kultigen TV-Serien.<\/li>\n<li>\u23f3 <strong>Nostalgie pur<\/strong>: Perfekt, um in Erinnerungen zu schwelgen.<\/li>\n<li>\ud83d\udcf1 <strong>Praktisches E-Book<\/strong>: Immer dabei auf deinem Smartphone, Tablet oder E-Reader.<\/li>\n<li>\ud83c\udf81 <strong>Ideales Geschenk<\/strong>: F\u00fcr alle 90s-Kids und Retro-Fans.<\/li>\n<\/ul>\n","protected":false},"excerpt":{"rendered":"<p>&#8222;Unn\u00fctzes Wissen: Die 90er&#8220; \u2013 Ein R\u00fcckblick mit Wow-Effekt! Das perfekte Buch f\u00fcr alle 90er-Fans und Wissensjunkies. In diesem unterhaltsamen E-Book von NEON erf\u00e4hrst du alles, was du schon immer nicht wissen wolltest \u2013 und doch unglaublich spannend findest. Tauche ein in das Jahrzehnt der Tamagotchis, Game Boys und Buffalos! Highlights: \ud83d\udcda Fakten, die keiner [&hellip;]<\/p>\n","protected":false},"featured_media":177,"comment_status":"open","ping_status":"closed","template":"","meta":[],"product_cat":[26,31],"product_tag":[],"class_list":{"0":"post-175","1":"product","2":"type-product","3":"status-publish","4":"has-post-thumbnail","6":"product_cat-90s","7":"product_cat-download","9":"first","10":"instock","11":"downloadable","12":"shipping-taxable","13":"purchasable","14":"product-type-simple"},"_links":{"self":[{"href":"https:\/\/retro-shop.online\/index.php?rest_route=\/wp\/v2\/product\/175","targetHints":{"allow":["GET"]}}],"collection":[{"href":"https:\/\/retro-shop.online\/index.php?rest_route=\/wp\/v2\/product"}],"about":[{"href":"https:\/\/retro-shop.online\/index.php?rest_route=\/wp\/v2\/types\/product"}],"replies":[{"embeddable":true,"href":"https:\/\/retro-shop.online\/index.php?rest_route=%2Fwp%2Fv2%2Fcomments&post=175"}],"wp:featuredmedia":[{"embeddable":true,"href":"https:\/\/retro-shop.online\/index.php?rest_route=\/wp\/v2\/media\/177"}],"wp:attachment":[{"href":"https:\/\/retro-shop.online\/index.php?rest_route=%2Fwp%2Fv2%2Fmedia&parent=175"}],"wp:term":[{"taxonomy":"product_cat","embeddable":true,"href":"https:\/\/retro-shop.online\/index.php?rest_route=%2Fwp%2Fv2%2Fproduct_cat&post=175"},{"taxonomy":"product_tag","embeddable":true,"href":"https:\/\/retro-shop.online\/index.php?rest_route=%2Fwp%2Fv2%2Fproduct_tag&post=175"}],"curies":[{"name":"wp","href":"https:\/\/api.w.org\/{rel}","templated":true}]}}